or of f and h?
11
Let y be 216/648 - (-502)/6. What is the highest common divisor of y and 180?
12
Let o(a) = a**3 + 83*a**2 + 218*a - 132. Let u be o(-77). Calculate the highest common factor of u and 22.
22
Let m be (-155832)/(-168) - 3/(-7). What is the greatest common factor of m and 29?
29
Suppose 2*l - 2*c = 3 - 1, -4*l + c = -7. Suppose -l*j = 4*j - 120. Suppose m + 0 - j = 0. Calculate the highest common factor of m and 4.
4
Let f be (0 - (-65)/(-2))*(-32)/16. Let t = f - 47. Calculate the greatest common divisor of t and 630.
18
Let v be -4 + (-32*135/162)/((-6)/9). Let q be (-18)/4*1488/(-9). Calculate the highest common factor of q and v.
12
Let t(r) = 96*r**2 - 7*r + 22 + 9*r - 8 + 0*r + 8*r. Let k be t(-3). Calculate the highest common divisor of k and 53.
53
Let k be (114/95)/(3/(-2160)*-2). Let a be (3 + 1 + -7 - -15)*1. Calculate the greatest common factor of k and a.
12
Let i = -9233 - -10542. Calculate the highest common divisor of i and 2499.
119
Let o be (6 + -13)/(-14)*(1 - 1). Suppose o = -5*c + 5*y + 2295, 5*y + 1375 = -0*c + 3*c. What is the greatest common factor of 20 and c?
20
Suppose 0 = 3*p - 4*s - 170, -4*s + 54 = -p + 100. What is the greatest common factor of 713 and p?
31
Let o = 50 + -50. Suppose o = 2*w + w - 6. Suppose -5*z + 0*z = -30. What is the greatest common divisor of z and w?
2
Let k = -4184 + 4252. Calculate the greatest common factor of 5134 and k.
34
Let k(w) = w**3 - 2*w**2 - 54*w + 187. Let n be k(3). What is the highest common divisor of n and 100?
2
Let q(p) = p**2 + 15*p - 66. Let i be q(29). What is the greatest common divisor of i and 440?
110
Suppose -f - 4*f = -360. Suppose -13*s + 574 = 2*s - 146. Calculate the greatest common factor of s and f.
24
Let c be (0 - -346) + (-275)/(-50)*2. Calculate the highest common factor of c and 2244.
51
Suppose 0 = 2*a - 23 + 19. Suppose -5*z = -0*z - 2*j - 28, 0 = -2*j + a. Calculate the greatest common divisor of z and 54.
6
Let g(q) = 2*q**3 + 4*q**2 - 38*q + 26. Let i be g(8). What is the greatest common factor of i and 9?
3
Let o = -309 + 305. Let x be (-2)/6 - 86/24*o. Calculate the greatest common divisor of x and 413.
7
Let t(x) = 16*x + 62. Let f be t(-12). Let w = f - -134. What is the greatest common divisor of w and 16?
4
Suppose 21*w = -169*w + 973 + 7197. Calculate the greatest common divisor of 5504 and w.
43
Let s be -1 + -3 + -2 + -1 + 4. Let o be s - (-19)/(1/1). Let y = 21 - o. Calculate the greatest common factor of y and 35.
5
Let v = 1672 + -1390. What is the highest common divisor of v and 6?
6
Let w be 2 + -3 + 1 + 22. Suppose -6*y + 1056 = -2*y + 4*m, 3*y - 792 = 2*m. Let f = y - 242. Calculate the highest common factor of f and w.
22
Let v be (55/(-11) - (2 - -11))/((-4)/690). What is the greatest common factor of 483 and v?
69
Let h be ((-870)/5)/(3 - 5). Let w be (2 - 29/2)/(1/(-30)). Suppose 3*o = 2*t + w - h, -384 = -4*o - 5*t. What is the greatest common divisor of o and 64?
32
Let m = 785 - 265. Suppose m = 3*t + t. Let y be 25 + (-108)/63 + 380/140. Calculate the highest common divisor of t and y.
26
Suppose 3*i + 3 + 6 = 0. Let s(a) = 2*a + 6. Let x be s(i). Suppose 0*p + 208 = 4*y - 2*p, -5*y - p + 260 = x. What is the highest common divisor of y and 26?
26
Suppose -4*k + 7*k = 54. Let j be 52/(-5) - ((-168)/(-30))/(-14). Let n be (j/3)/((-40)/k - -2). What is the greatest common factor of n and 165?
15
Suppose -40*f - 56238 = -143*f. Suppose -3*o = -r - 122, -2*o - 4*r + 58 = -o. What is the greatest common divisor of f and o?
42
Suppose 4*j + 20*j = -6696. Let h = j + 414. Calculate the highest common divisor of 30 and h.
15
Suppose -183 - 237 = -3*j. Suppose -2*u = 3*u - j. Let n(h) = 38*h + 7. Let f be n(0). Calculate the greatest common divisor of f and u.
7
Let j be (-957)/12 - (1/4 + 0). Let u be (-16)/j - (-239)/5. Suppose -5*s + 4 + 76 = k, -3*s = 2*k - u. Calculate the greatest common divisor of s and 16.
16
Let p be 8/14 - 204*279/(-14). What is the greatest common divisor of 76 and p?
38
Let c be (7 - -362) + -3 + 6. What is the greatest common divisor of c and 156?
12
Let r = 453 - 314. Suppose 186 + 0 = -3*o. Let y = o + r. What is the highest common factor of y and 7?
7
Let z be 960/68 + (-11 - (-370)/34). What is the highest common factor of z and 11494?
14
Suppose v + 0*v - p = -7, -4*v = 2*p + 10. Let c(d) = -2*d**2 + 3*d - 57 - 3*d**3 - 2*d**2 + 49. Let z be c(v). What is the highest common divisor of z and 27?
27
Let z(y) = -y**3 - 14*y**2 + 30*y - 137. Let v be z(-17). Calculate the greatest common divisor of v and 3278.
22
Let t(r) = -292*r - 1384. Let g be t(-5). Calculate the highest common divisor of g and 28.
4
Let h(q) = -6*q - 43 + 42 - 14*q - 34 - 67. Let f be h(-6). Calculate the greatest common factor of 96 and f.
6
Suppose s - i + 25 = 0, 2*s - 115 = 6*s - i. Let y = 36 + s. Calculate the highest common divisor of 6 and y.
6
Let o(t) = 15*t**3 - 47*t**2 + 2*t + 30. Let k be o(4). What is the highest common divisor of k and 6642?
246
Suppose 3*x = -2 + 71. Suppose -17 = -3*t - 2*d + 19, 2*t + d - 24 = 0. Let r be t/132 - (-9104)/44. Calculate the greatest common divisor of r and x.
23
Suppose 0 = 3*z - 5*q + 3, z - 5*q - 1 - 8 = 0. Let k be (975/(-52))/(z/80). Calculate the greatest common divisor of k and 10.
10
Let i be 12/36 - 62/6. Let k(f) = 3*f**3 + 29*f**2 - 15*f - 4. Let b be k(i). Calculate the highest common divisor of b and 161.
23
Let i = -497 - -287. Let t be ((i/18)/(-5))/(4/204). What is the highest common divisor of t and 7?
7
Let j be (-16)/216 + 493339/297. Calculate the greatest common divisor of 22 and j.
11
Suppose 48*w - 283*w = -607475. Calculate the highest common factor of w and 550.
55
Let j(r) be the third derivative of -7*r**4/12 - r**3/2 - r**2. Suppose 0 = -192*v - 82 - 110. Let i be j(v). What is the greatest common factor of i and 99?
11
Let l(d) = d**3 - 39*d**2 + 374*d + 56. Let p be l(17). What is the greatest common divisor of p and 744?
8
Let m(j) = j**2 - 40*j - 431. Let k be m(-9). Suppose -5*p - 28 = 22. Let h be (4/10)/((-2)/p). What is the greatest common factor of k and h?
2
Suppose -99*o - 16*o - 5824 + 22154 = 0. Calculate the greatest common factor of o and 24566.
142
Let f be (1 - 2)/(1 - (-15)/(-12)). Suppose 5*s + 2 = 3*p - 10, p - 4*s - f = 0. What is the greatest common factor of 3 and p?
1
Let r be (39 - 0)*(416/24 - 17). Suppose -r*k = -10*k - 378. Calculate the greatest common divisor of k and 288.
18
Let g(x) = 5*x**2 - x - 5. Let o be g(-3). Suppose -72 = -o*q + 37*q. Let c be (-31)/(-4) - (3 + (-39)/q). Calculate the highest common factor of c and 12.
4
Let p(j) = 58*j**2 + 403*j - 1604. Let u be p(4). Calculate the highest common factor of 72 and u.
72
Let o = 816 - 420. Suppose 0 = -6*u + 12*u - o. Let h = -2 + 24. Calculate the highest common factor of h and u.
22
Suppose d + 2*u + 4 = 5, -3*d + 3*u + 3 = 0. Let z be 35/20*(8 + 3 + d). What is the highest common factor of 56 and z?
7
Let w = 32 + -29. Let c(r) = -15 + 2*r**2 - w*r + 29 - r - 20. Let p be c(-7). Calculate the greatest common factor of 40 and p.
40
Let w be ((-1842)/(-4) - 2)*500/35. Calculate the highest common divisor of 50 and w.
50
Let d be ((-48)/(-132))/(1/11)*3149/2. What is the greatest common factor of d and 94?
94
Let d(b) = b**2 + b - 27. Let v be d(7). Suppose 12*q - v*q = -272. What is the greatest common divisor of q and 112?
16
Suppose -281*f + 2045 + 19030 = 0. Calculate the highest common divisor of 7935 and f.
15
Let r = -1661 - -1625. Let q be (7000/(-16))/(-25)*r/(-21). Suppose -2*f = 148 - 418. What is the highest common factor of f and q?
15
Let s(l) = -l**3 + l**2 + 1. Let q be s(0). Let z(h) = -3 + 12 + h**2 - 8 + 6*h. Let m be z(-7). Calculate the highest common factor of q and m.
1
Suppose -3*w + 5 = -5*d + 3, -2*d - 16 = -5*w. Suppose n - y + w*y - 23 = 0, 0 = -3*y - 3. Calculate the highest common divisor of n and 2.
2
Let d be (18 + (-4150)/175)/(3/(-42)). What is the highest common factor of d and 85?
5
Suppose -3*o = 4*f - 552 - 194, -o + 2*f = -252. Calculate the greatest common divisor of o and 190.
10
Let d(f) = f**2 - 18*f - 16. Let x be d(20). Let u = -24 + x. Suppose -5*h + 56 + 64 = u. Calculate the highest common factor 